{"id":427,"date":"2026-04-14T19:19:49","date_gmt":"2026-04-14T17:19:49","guid":{"rendered":"https:\/\/machupicchubookingperu.com\/?page_id=427"},"modified":"2026-04-14T19:20:54","modified_gmt":"2026-04-14T17:20:54","slug":"tour-montana-de-7-colores-en-cuatrimoto","status":"publish","type":"page","link":"https:\/\/machupicchubookingperu.com\/index.php\/tour-montana-de-7-colores-en-cuatrimoto\/","title":{"rendered":"Tour monta\u00f1a de 7 colores en cuatrimoto"},"content":{"rendered":"\n\n\n<h2 class=\"wp-block-heading\">Descripci\u00f3n:<\/h2>\n\n\n\n<p>El\u00a0<strong>tour en cuatrimoto a la Monta\u00f1a de 7 Colores<\/strong>\u00a0ofrece una alternativa m\u00e1s r\u00e1pida para llegar a Vinicunca a 5200 m s. n. m. (17 060 ft). En lugar de caminar 1 hora, recorrer\u00e1n 20 a 30 minutos en cuatrimoto hasta cerca de la Monta\u00f1a de Colores. Esta aventura en ATV es ideal para quienes buscan un tour a la monta\u00f1a de 7 colores\u00a0con un enfoque m\u00e1s emocionante y diferente.<\/p>\n\n\n\n<h2 class=\"wp-block-heading\">ITINERARIO:<\/h2>\n\n\n\n<p>Te recogeremos de tu hotel en Cusco a las 4:00 a. m. para continuar por el Valle Sur. Durante el viaje de 2 horas observaremos diferentes paisajes hasta llegar a Pitumarca, donde tomaremos el&nbsp;<strong>desayuno buffet<\/strong>. Luego continuaremos por el distrito de Checacupe, conocido por sus 3 puentes que representan diferentes \u00e9pocas:<\/p>\n\n\n\n<ul class=\"wp-block-list\">\n<li><strong>Puente Inca:<\/strong>\u00a0Construido en 1448 con paja trenzada, forma parte del Qhapaq \u00d1an. Se atribuye su creaci\u00f3n al inca Wiracocha.<\/li>\n\n\n\n<li><strong>Puente Colonial:<\/strong>\u00a0Construido en el siglo XVI con piedra, refleja la arquitectura espa\u00f1ola de la \u00e9poca.<\/li>\n\n\n\n<li><strong>Puente Republicano:<\/strong>\u00a0Su estructura de metal representa la arquitectura moderna.<\/li>\n<\/ul>\n\n\n\n<p>Despu\u00e9s de las fotos, nos dirigiremos a nuestra base en Ccairahuiri, donde el gu\u00eda nos dar\u00e1 instrucciones de c\u00f3mo utilizar la cuatrimoto (ATV). En lugar de caminar 1 hora cuesta arriba, manejar\u00e1s 20 minutos en cuatrimoto todoterreno hasta llegar a la&nbsp;<strong>Monta\u00f1a de 7 Colores en Vinicunca<\/strong>&nbsp;a 5036 m s. n. m. (16 522 ft).<\/p>\n\n\n\n<p>Nuestro gu\u00eda nos explicar\u00e1 sobre la orograf\u00eda, ecosistema y colores de la monta\u00f1a, producto de los \u00f3xidos de diferentes minerales. Las laderas presentan colores desde el rojo, morado, verde, rosado y amarillo.<\/p>\n\n\n\n<p>Desde este punto tendr\u00e1s una vista del Apu Ausangate a 6384 m s. n. m. (20 945 ft), conocido como el \u00abcreador de las aguas\u00bb. Su deshielo forma el r\u00edo Vilcanota que recorre el&nbsp;<strong>Valle de Urubamba<\/strong>.<\/p>\n\n\n\n<p>Una vez terminada la visita, descenderemos 20 minutos en cuatrimoto hasta la base para dejar los veh\u00edculos y trasladarnos al restaurante para disfrutar de tu almuerzo.<\/p>\n\n\n\n<p>Retornaremos a tu hotel en Cusco aproximadamente a las 4:00 p. m., finalizando el tour.<\/p>\n\n\n\n<p><strong>INCLUYE:<\/strong><\/p>\n\n\n\n<ul class=\"wp-block-list\">\n<li>Informaci\u00f3n previa al tour Monta\u00f1a de 7 Colores en cuatrimoto.<\/li>\n\n\n\n<li>Desayuno buffet andino.<\/li>\n\n\n\n<li>Traslados desde Cusco a la base de las cuatrimotos.<\/li>\n\n\n\n<li>Ticket de ingreso.<\/li>\n\n\n\n<li>Cuatrimoto (veh\u00edculos todoterreno).<\/li>\n\n\n\n<li>Equipo de seguridad.<\/li>\n\n\n\n<li>Almuerzo buffet.<\/li>\n\n\n\n<li>Gu\u00eda profesional biling\u00fce (ingl\u00e9s-espa\u00f1ol).<\/li>\n<\/ul>\n\n\n\n<p><strong>NO INCLUYE:<\/strong><\/p>\n\n\n\n<ul class=\"wp-block-list\">\n<li>Propinas.<\/li>\n\n\n\n<li>Otros servicios no mencionados.<\/li>\n<\/ul>\n\n\n\n<figure class=\"wp-block-gallery has-nested-images columns-default is-cropped wp-block-gallery-1 is-layout-flex wp-block-gallery-is-layout-flex\">\n<figure class=\"wp-block-image size-large\"><img loading=\"lazy\" decoding=\"async\" width=\"669\" height=\"446\" data-id=\"430\" src=\"https:\/\/machupicchubookingperu.com\/wp-content\/uploads\/2026\/04\/8d-1.jpg\" alt=\"\" class=\"wp-image-430\" srcset=\"https:\/\/machupicchubookingperu.com\/wp-content\/uploads\/2026\/04\/8d-1.jpg 669w, https:\/\/machupicchubookingperu.com\/wp-content\/uploads\/2026\/04\/8d-1-300x200.jpg 300w\" sizes=\"(max-width: 669px) 100vw, 669px\" \/><\/figure>\n\n\n\n<figure class=\"wp-block-image size-large\"><img loading=\"lazy\" decoding=\"async\" width=\"720\" height=\"480\" data-id=\"432\" src=\"https:\/\/machupicchubookingperu.com\/wp-content\/uploads\/2026\/04\/40-1.jpg\" alt=\"\" class=\"wp-image-432\" srcset=\"https:\/\/machupicchubookingperu.com\/wp-content\/uploads\/2026\/04\/40-1.jpg 720w, https:\/\/machupicchubookingperu.com\/wp-content\/uploads\/2026\/04\/40-1-300x200.jpg 300w\" sizes=\"(max-width: 720px) 100vw, 720px\" \/><\/figure>\n\n\n\n<figure class=\"wp-block-image size-large\"><img loading=\"lazy\" decoding=\"async\" width=\"800\" height=\"500\" data-id=\"431\" src=\"https:\/\/machupicchubookingperu.com\/wp-content\/uploads\/2026\/04\/200-atv-rainbow-mountain-full-day-1.jpg\" alt=\"\" class=\"wp-image-431\" srcset=\"https:\/\/machupicchubookingperu.com\/wp-content\/uploads\/2026\/04\/200-atv-rainbow-mountain-full-day-1.jpg 800w, https:\/\/machupicchubookingperu.com\/wp-content\/uploads\/2026\/04\/200-atv-rainbow-mountain-full-day-1-300x188.jpg 300w, https:\/\/machupicchubookingperu.com\/wp-content\/uploads\/2026\/04\/200-atv-rainbow-mountain-full-day-1-768x480.jpg 768w\" sizes=\"(max-width: 800px) 100vw, 800px\" \/><\/figure>\n<\/figure>\n\n\n<div class=\"wp-block-image\">\n<figure class=\"aligncenter size-full\"><a href=\"https:\/\/machupicchubookingperu.com\/index.php\/contact-us\/\" target=\"_blank\" rel=\" noreferrer noopener\"><img loading=\"lazy\" decoding=\"async\" width=\"300\" height=\"75\" src=\"https:\/\/machupicchubookingperu.com\/wp-content\/uploads\/2026\/04\/BOOK-NOW-7-6-5.png\" alt=\"\" class=\"wp-image-433\"\/><\/a><\/figure>\n<\/div>","protected":false},"excerpt":{"rendered":"<p>Descripci\u00f3n: El\u00a0tour en cuatrimoto a la Monta\u00f1a de 7 Colores\u00a0ofrece una alternativa m\u00e1s r\u00e1pida para llegar a Vinicunca a 5200 m s. n. m. (17 060 ft). En lugar de caminar 1 hora, recorrer\u00e1n 20 a 30 minutos en cuatrimoto hasta cerca de la Monta\u00f1a de Colores. Esta aventura en ATV es ideal para quienes [&hellip;]<\/p>\n","protected":false},"author":1,"featured_media":0,"parent":0,"menu_order":0,"comment_status":"closed","ping_status":"closed","template":"","meta":{"saved_in_kubio":false,"_joinchat":[],"footnotes":""},"class_list":["post-427","page","type-page","status-publish","hentry"],"kubio_ai_page_context":{"short_desc":"","purpose":"general"},"_links":{"self":[{"href":"https:\/\/machupicchubookingperu.com\/index.php\/wp-json\/wp\/v2\/pages\/427","targetHints":{"allow":["GET"]}}],"collection":[{"href":"https:\/\/machupicchubookingperu.com\/index.php\/wp-json\/wp\/v2\/pages"}],"about":[{"href":"https:\/\/machupicchubookingperu.com\/index.php\/wp-json\/wp\/v2\/types\/page"}],"author":[{"embeddable":true,"href":"https:\/\/machupicchubookingperu.com\/index.php\/wp-json\/wp\/v2\/users\/1"}],"replies":[{"embeddable":true,"href":"https:\/\/machupicchubookingperu.com\/index.php\/wp-json\/wp\/v2\/comments?post=427"}],"version-history":[{"count":3,"href":"https:\/\/machupicchubookingperu.com\/index.php\/wp-json\/wp\/v2\/pages\/427\/revisions"}],"predecessor-version":[{"id":436,"href":"https:\/\/machupicchubookingperu.com\/index.php\/wp-json\/wp\/v2\/pages\/427\/revisions\/436"}],"wp:attachment":[{"href":"https:\/\/machupicchubookingperu.com\/index.php\/wp-json\/wp\/v2\/media?parent=427"}],"curies":[{"name":"wp","href":"https:\/\/api.w.org\/{rel}","templated":true}]}}